 - -156. List the prime factors of u.
2, 3, 139
Let g(p) = p**2 - 22*p + 20. List the prime factors of g(-11).
383
Let y(u) = 28*u**2 + 2*u - 21. What are the prime factors of y(7)?
3, 5, 7, 13
Suppose -1721 = -6*c + 229. List the prime factors of c.
5, 13
Suppose 23*s - 23707 = 38462. What are the prime factors of s?
3, 17, 53
Suppose 4*c + 1 = 3*l, -c = 3*l - 4*c - 6. Suppose 5*i - 8 = l. Suppose 0*o - 58 = -3*o + 2*t, -i*o - 4*t + 46 = 0. What are the prime factors of o?
2, 3
Suppose -2*p - 27 = -1. Let v = p - -5. What are the prime factors of (-110)/v - (-2)/8?
2, 7
Suppose 5*j + 2*w = 3*w + 8, 5*j + 10 = -5*w. Let g = 46 - j. List the prime factors of g.
3, 5
Suppose 2*s - 112 - 91 = -3*a, 3*s + 118 = 2*a. Suppose -151 - a = -3*j. Let b = j + -21. List the prime factors of b.
3, 17
List the prime factors of (33 + -34)*(-7)/(21/72).
2, 3
Suppose 0 = 284*s - 285*s + 395. What are the prime factors of s?
5, 79
Suppose -o = -4*o - o. Suppose o = -r - 5*y + 39 + 19, 3*r - 3*y - 192 = 0. What are the prime factors of r?
3, 7
Let a(y) = 6*y**2 - 2*y - 6. Let t be a(-3). Suppose -4*u + 110 = -t. List the prime factors of u.
41
Let z = -71 - -149. Let b = z - 32. What are the prime factors of b?
2, 23
Let t = -477 - -723. List the prime factors of t.
2, 3, 41
Suppose 0 = 49*j - 16*j - 21813. List the prime factors of j.
661
Suppose 34*q - 75360 = 10*q. List the prime factors of q.
2, 5, 157
Let v = -38 - -43. Suppose 0 = g - v*g - j + 23, -j - 5 = 0. List the prime factors of g.
7
Suppose 2*g - 3 - 5 = 0. Suppose 0 = -5*c + 25, c + c - 130 = -g*z. What are the prime factors of z?
2, 3, 5
Suppose -2*c + a + 2653 = 0, c - 1507 = 3*a - 168. What are the prime factors of c?
2, 331
Suppose -4*n = 3*c, 0*n = 3*n + 5*c. Suppose -t + 115 - 15 = n. What are the prime factors of t?
2, 5
Let z(r) be the second derivative of 7*r**3/6 + r**2 + 5*r. List the prime factors of z(6).
2, 11
Let h(w) = w**2 + 6*w + 6. Suppose x = -0*x + 4, -4*y + 36 = 4*x. Suppose -y*q - 2*k = 38, 2*q + 22 = -k + 6. List the prime factors of h(q).
2, 3
Let y(b) = b**3 - 2*b**2 - 4*b - 3. Let z be y(3). List the prime factors of 4/z - (-256)/24.
2, 5
Suppose -2*v = -6 - 4. Let q(j) = j**3 - 4*j**2 + 5*j + 8. Let z(i) = i**3 - 3*i**2 + 5*i + 8. Let w(g) = -4*q(g) + 3*z(g). List the prime factors of w(v).
17
Let h(t) be the first derivative of 5*t**3 + 3*t**2/2 - 8*t - 19. List the prime factors of h(-3).
2, 59
Suppose 9*b - 2605 = 11201. What are the prime factors of b?
2, 13, 59
Let s(o) = 41*o**2 - 2*o**2 + 30*o - 29*o. What are the prime factors of s(-1)?
2, 19
Let m be (-3)/(1 - 7/10). Let a be (-1 + m/(-8))*-4. List the prime factors of (a + 24)*1 + -3.
2, 5
Let k(z) = z**2 - 4*z - 3. Let i(m) be the first derivative of -m**3/3 - 6*m**2 + 10*m - 5. Let c be i(-13). What are the prime factors of k(c)?
2, 3
Let v = 2111 - 727. Suppose v = -3*j + 11*j. What are the prime factors of j?
173
Let c = -60 - -125. Let n(r) = 13*r**3 - 2*r**2 + r - 4. Let k be n(2). Let h = k - c. List the prime factors of h.
29
Let z = -66 + 59. Let m = 17 + z. What are the prime factors of m?
2, 5
Let z(i) = -85*i - 202. List the prime factors of z(-15).
29, 37
Let c = -1 - 2. Let g = 7 + c. Suppose 0 = -g*r + 8, -i + 4*r = -r - 1. List the prime factors of i.
11
Let n(k) = -50*k + 2. Let z be n(2). Let m(q) = -23*q - 146. Let o be m(-14). Let g = o + z. What are the prime factors of g?
2, 3, 13
Let p be (6/(-27)*-3)/(3/162). Suppose -1544 = -44*x + p*x. List the prime factors of x.
193
Let y(w) = -22*w**3 + 4*w**2 + 2*w - 2. List the prime factors of y(-2).
2, 3, 31
Suppose 2*w = -d + 402, 0 = 4*w + 2*w + 12. List the prime factors of d.
2, 7, 29
Suppose 2*m - z - 563 = 0, z = m + 4*z - 278. Let n = 421 - m. What are the prime factors of n?
2, 5, 7
Let a = 781 + -755. List the prime factors of a.
2, 13
Let m(s) = -10*s**2 + s + 1. Let i(a) = 31*a**2 - 2*a - 2. Let q(w) = 6*i(w) + 17*m(w). List the prime factors of q(4).
281
Let v(w) = w**3 - 14*w**2 + 2*w - 3. Let q be v(14). Let u = q - -13. What are the prime factors of u?
2, 19
Suppose 2*h + 3*p - 581 + 6 = 0, 1442 = 5*h + 3*p. What are the prime factors of h?
17
Suppose 15*c + 11940 = 30*c. What are the prime factors of c?
2, 199
List the prime factors of (-21)/3 + 6 + (-5098)/(-1).
3, 1699
Let g = 34 - 74. Let h be 10*-4*4/g. Suppose 3*p + 36 = h*p. List the prime factors of p.
2, 3
Let y(f) = -f**2 - 15*f + 22. Suppose 0*s + 5*s + 48 = -3*v, -4*v = 4*s + 64. List the prime factors of y(v).
2, 3
Suppose -2*m - 4*l + 974 = -6*l, 0 = 2*m + 3*l - 984. What are the prime factors of m?
3, 163
Let n = 54 + -51. Suppose 1332 = 12*g - n*g. What are the prime factors of g?
2, 37
Suppose 0*d - 5*d - 5*n = -3000, d + 3*n - 594 = 0. What are the prime factors of d?
3, 67
Suppose -7*g + 14 + 7 = 0. Suppose p - 43 = -g*r, -9*r + 29 = -7*r + p. List the prime factors of r.
2, 7
Suppose 37*j - 40*j + 36 = 0. What are the prime factors of j?
2, 3
Suppose 6 = 2*y - y. Suppose -3*o - 43 = -4*s, 4*o - y = s - 46. Let p = 4 - o. What are the prime factors of p?
13
Let u = 63 + -58. Suppose o + 4 = 0, 5*q - o = -u*o + 49. List the prime factors of q.
13
Let v(n) = n**3 - 17*n**2 + n - 18. Let g be v(17). What are the prime factors of (g - (-28)/(-8))*-18?
3
What are the prime factors of ((-12)/5)/(3/(-705))?
2, 3, 47
Suppose q - 2 = 3*q, -25 = -w + 5*q. Let i = 24 - w. Suppose -i = j - 3*y - 10, 0 = 5*j - 2*y - 30. What are the prime factors of j?
2, 3
Let l(a) be the second derivative of a**5/60 + a**3/6 + 2*a**2 - a. Let j(c) be the first derivative of l(c). What are the prime factors of j(-6)?
37
Let h = 10 - 30. Let b(n) = -n**3 - 21*n**2 - 21*n + 13. What are the prime factors of b(h)?
3, 11
Suppose 3*y = 6, 5*t = -6*y + y + 135. Let o = 49 - t. What are the prime factors of o?
2, 3
Let q(o) = o**2 + 2*o - 1. Let r be q(-3). Suppose -r*b = -6*b + 200. List the prime factors of b.
2, 5
Let g = 88 - -163. What are the prime factors of g?
251
List the prime factors of ((-37939)/(-44))/(7/28).
3449
Let t(k) = 2*k**2 + 7*k + 65. What are the prime factors of t(-14)?
359
List the prime factors of ((-2664)/108)/((-4)/546).
7, 13, 37
Let g(h) = -6*h - 1. Let s be g(4). Let m(q) = 4*q**2 + 2*q + 1. Let k be m(2). Let u = k - s. What are the prime factors of u?
2, 23
Suppose -13*d = 34 - 502. List the prime factors of d.
2, 3
Let y(m) = 4*m + 10. Let t be y(-2). What are the prime factors of 1 + (-2 + 61 - 8/t)?
2, 7
Let l = -59 + 58. Let x = -2 - 0. What are the prime factors of 69 + -20 - x/l?
47
List the prime factors of (5/((-30)/(-843)))/((-2)/(-8)).
2, 281
Suppose 10*p - 1865 = 5*p. Suppose 4*n - p = -4*w + 571, w - 236 = -2*n. What are the prime factors of w?
2, 59
Suppose 26*x - 27120 = 11*x. List the prime factors of x.
2, 113
Let j = 3 - 3. Suppose j = -4*s - 0*s + 84. List the prime factors of (-2)/(-7) - (-162)/s.
2
Let s(f) = f - 1. Let k be s(3). Suppose -y = k*y. Let t(h) = h**2 + h + 9. List the prime factors of t(y).
3
Let w(t) = -t + 25. Let h be w(11). Let p = h - 18. Let b(r) = r**3 + 3*r**2 - 5*r. What are the prime factors of b(p)?
2
Suppose 2*l + 1170 = 7*l. Suppose -5*n = 2*s - l, -n + 606 = 5*s + 44. What are the prime factors of s?
2, 7
Suppose 11*u = 7*u + 760. Suppose d + 1 - 91 = 2*l, 2*d - u = -l. List the prime factors of d.
2, 47
Let a = 102 + 342. Suppose 23*s - a = 19*s. What are the prime factors of s?
3, 37
Suppose o - 2*d = -2, 3 = 2*d - d. Suppose 2*x + 5*h - 89 = 370, -2*x + o*h + 468 = 0. What are the prime factors of x?
2, 29
Let h(c) = -c**3 - 6*c**2 - 9*c + 7. Suppose 6*f - 28 = 10*f. List the prime factors of h(f).
7, 17
Let p = -4 + 6. Suppose 0 = -p*y - 2*y + 8. Suppose -3*n + 10 = -y. List the prime factors of n.
2
Let n = 12 + -12. Let f(d) = -d + 21. Let m be f(n). Let v = m - 17. What are the prime factors of v?
2
Let r = -245 + 272. What are the prime factors of r?
3
Suppose -2*f + 5*f - 2*f = 0. Suppose f = 6*w - 3*w - 144. What are the prime factors of w?
2, 3
Let w = -112 - -383. What are the prime factors of w?
271
Suppose 0 = 2*u + 15 - 23. Suppose 58 = u*h - 18. List the prime factors of h.
19
Let u(y) = -106*y**3 - y - 2. Let s be u(-1). Suppose -3*t = -3*j - 0*j - 171, j = -2*t + s. List the prime factors of t.